 3564?
-3561
In base 16, what is 4 - -19529?
1952d
In base 8, what is -5100 + 12?
-5066
In base 10, what is 288364 - -3?
288367
In base 11, what is -7 - 6a5a?
-6a66
In base 15, what is 8 - 9ab?
-9a3
In base 8, what is 104630 - 202?
104426
In base 5, what is 1023 - 21231?
-20203
In base 11, what is 5888 + 0?
5888
In base 8, what is 6 - 10215?
-10207
In base 14, what is -5 + 2a06?
2a01
In base 10, what is -175 + 215?
40
In base 11, what is 1 - 118246?
-118245
In base 15, what is 82c - -21d?
a4a
In base 7, what is 13162 + -6?
13153
In base 16, what is 2fb5 - -e?
2fc3
In base 7, what is 3 + 3141026?
3141032
In base 6, what is 1300 + -304?
552
In base 4, what is -21210 - -202013?
120203
In base 8, what is 4 + -614326?
-614322
In base 7, what is 5 + 21633?
21641
In base 5, what is 24 - -102034?
102113
In base 11, what is 11 + -1a99?
-1a88
In base 12, what is -764b6 + -1?
-764b7
In base 16, what is -1ec01 + -4?
-1ec05
In base 13, what is -194 + -1440?
-1604
In base 4, what is -3121201 + 1?
-3121200
In base 9, what is -7648 + 13?
-7635
In base 2, what is -110011000010010 + 110111?
-110010111011011
In base 5, what is -1244114 + -1?
-1244120
In base 10, what is -148763 + 1?
-148762
In base 14, what is 4d5a8 - 2?
4d5a6
In base 13, what is 3 + 2ab6?
2ab9
In base 3, what is 2 - -1120001?
1120010
In base 10, what is -37937 - 28?
-37965
In base 9, what is -3858 + -261?
-4230
In base 2, what is 1011 + -100011011111100100?
-100011011111011001
In base 12, what is -3544 - 1?
-3545
In base 13, what is 12 + -3876?
-3864
In base 16, what is c - -131?
13d
In base 5, what is 2212424 + 41?
2213020
In base 9, what is 6 + 1002077?
1002084
In base 7, what is 5161 - 10612?
-2421
In base 3, what is -1121222221211 + 2?
-1121222221202
In base 6, what is -345 - 5?
-354
In base 14, what is 3 + 925a?
925d
In base 6, what is -120554 + 4?
-120550
In base 7, what is 2 - -110402?
110404
In base 5, what is -1 - -41243131?
41243130
In base 10, what is -5 + 142611?
142606
In base 9, what is 2 - 320215?
-320213
In base 14, what is -52c + a2?
-46a
In base 15, what is -20a46 + -1?
-20a47
In base 9, what is -256 - -665?
408
In base 4, what is -13 - -2122302?
2122223
In base 5, what is 23214121 + 22?
23214143
In base 8, what is 2177 - -301?
2500
In base 5, what is -11233 + 1001?
-10232
In base 5, what is 3 + 2200?
2203
In base 12, what is -15b - -3299?
313a
In base 7, what is -205211 + 2?
-205206
In base 15, what is 9c6d1 + 3?
9c6d4
In base 14, what is -3b31 - -4?
-3b2b
In base 7, what is 22032 - 13?
22016
In base 4, what is 311332 - 2100?
303232
In base 9, what is 1 + -22432?
-22431
In base 16, what is 272 + 1?
273
In base 12, what is 182 - -325?
4a7
In base 3, what is 121122010 + -10?
121122000
In base 16, what is -12cf6 - 1?
-12cf7
In base 7, what is -30206 - 161?
-30400
In base 16, what is 5 + a974?
a979
In base 14, what is 5 - 2463a?
-24635
In base 4, what is -31 + -22112?
-22203
In base 13, what is 4 - 61595?
-61591
In base 7, what is -1 + 55653?
55652
In base 14, what is 3 + -d395?
-d392
In base 7, what is -5 + 302363?
302355
In base 10, what is 4 + -863111?
-863107
In base 2, what is 1 + -1111111100011100000?
-1111111100011011111
In base 4, what is 1 + -320013013?
-320013012
In base 10, what is -363841 + 5?
-363836
In base 9, what is -2 - 30582?
-30584
In base 8, what is 47775 + 2?
47777
In base 4, what is 111321332012 + 3?
111321332021
In base 10, what is -1836 + 170?
-1666
In base 8, what is -7374 + 12?
-7362
In base 4, what is 1 - -210013000?
210013001
In base 2, what is -1011101101010 + 1001101?
-1011100011101
In base 12, what is 4578 + 208?
4784
In base 10, what is 41 + -142?
-101
In base 14, what is 6d6 - -298?
990
In base 11, what is -63623 + -3?
-63626
In base 8, what is -1624 + 23?
-1601
In base 16, what is -37 - -43dd?
43a6
In base 3, what is -1101120212 - -1100?
-1101112112
In base 10, what is 0 - 672162?
-672162
In base 15, what is -680 + -18?
-698
In base 14, what is -1d1 - 1049?
-123a
In base 14, what is -4 - 1a06?
-1a0a
In base 3, what is -122002220212 + -1?
-122002220220
In base 3, what is 10 - 220022202?
-220022122
In base 2, what is -1011001 + 100010001?
10111000
In base 12, what is -5 - 8708?
-8711
In base 7, what is -210 - -133346?
133136
In base 14, what is -2b + -14bd?
-150a
In base 4, what is -1 - 12001221?
-12001222
In base 6, what is -205 - 30?
-235
In base 13, what is -1 + -c624?
-c625
In base 3, what is -1221111001 + -220?
-1221111221
In base 16, what is -241 - -2c5?
84
In base 6, what is -554530 - -4?
-554522
In base 14, what is 5 - 88d3?
-88cc
In base 3, what is 22202221 - -100002?
100010000
In base 3, what is -11221001 - -110?
-11220121
In base 5, what is -2 + -211233?
-211240
In base 14, what is 3 + -73988?
-73985
In base 8, what is -3313377 + 2?
-3313375
In base 12, what is 20 + 1024a1?
102501
In base 16, what is -6 + -bb0?
-bb6
In base 10, what is -710 - 7444?
-8154
In base 5, what is 1330 - 1032?
243
In base 7, what is -651042 - 4?
-651046
In base 4, what is -1310 - 10331?
-12301
In base 4, what is 3220 - -101?
3321
In base 11, what is 11 + -1466?
-1455
In base 15, what is 324439 - -3?
32443c
In base 8, what is 4 + 716?
722
In base 15, what is -1da70 + -d?
-1da7d
In base 7, what is -13 + 21426?
21413
In base 15, what is 3 - 636e2?
-636de
In base 6, what is -111353 + -10?
-111403
In base 10, what is -1 + -339136?
-339137
In base 16, what is -3d + 848?
80b
In base 4, what is -222033222 + -101?
-222033323
In base 14, what is c - -230?
23c
In base 11, what is -7 - -22265?
22259
In base 10, what is 2189 - 8?
2181
In base 5, what is 344 - -34321?
40220
In base 14, what is -99 + 239?
180
In base 9, what is -12370 - 7?
-12377
In base 14, what is 5 + -1891?
-188a
In base 16, what is -266c + 15?
-2657
In base 7, what is 201 + 2435?
2636
In base 9, what is -1 + -235435?
-235436
In base 2, what is -1110010111001 + 1100?
-1110010101101
In base 2, what is -1101 - 101001110100100?
-101001110110001
In base 11, what is -302 - 20a?
-511
In base 9, what is -3428 + -16?
-3445
In base 3, what is 2 + 1121201221?
1121202000
In base 4, what is 32 + -1033323?
-1033231
In base 14, what is 0 + 8823?
8823
In base 4, what is -13 + -321003010?
-321003023
In base 13, what is 53 - -271a?
2770
In base 4, what is 0 + -23002313?
-23002313
In base 14, what is -5 + 11663c?
116637
In base 9, what is 4571 + -156?
4414
In base 4, what is -103 + -10012?
-10121
In base 3, what is 1212022 - -20100?
2002122
In base 12, what is 2 - -5707?
5709
In base 4, what is 11 + -112031100?
-112031023
In base 2, what is 1001001 - 1101001110111001?
-1101001101110000
In base 10, what is 270 - -1883?
2153
In base 5, what is 3 - -440102?
440110
In base 14, what is -84b89 - -2?
-84b87
In base 13, what is -1c1357 + -3?
-1c135a
In base 10, what is -1178 - 9?
-1187
In base 3, what is 212 + -100120212?
-100120000
In base 2, what is -1 - 100001111001100?
-100001111001101
In base 12, what is 467 + 7?
472
In base 7, what is 10 - 5542554?
-5542544
In base 15, what is -a5 + -43d?
-4e3
In base 9, what is -407774 + -1?
-407775
In base 9, what is 157181 + -46?
157134
In base 11, what is 9892 - 36?
9857
In base 3, what is -12120212 + 220?
-12112222
In base 8, what is 462 - 2?
460
In base 12, what is 6 + 9a1?
9a7
In base 7, what is -210632 + 10?
-210622
In base 15, what is -1a + 1324?
1309
In base 11, what is 2022 + -26?
1aa7
In base 16, what is 8d6b9 + 3?
8d6bc
In base 2, what is -11 + 10011011001010101100?
10011011001010101001
In base 13, what is -7 + -1248?
-1252
In base 4, what is 1 + 332132322?
332132323
In base 7, what is 1633 - 1056?
544
In base 9, what is 767 - -178?
1056
In base 2, what is 110 - 11011100101100?
-11011100100110
In base 6, what is -4422 - -1142?
-3240
In base 14, what is 6b3c - 0?
6b3c
In base 14, what is -26b69a + 3?
-26b697
In base 2, what is -10 + 101111001100111?
101111001100101
In base 10, what is 309 - 204?
105
In base 8, what is -26 - 34750?
-34776
In base 10, what is 99026 + 2?
99028
In base 2, what is -11 - -1101110101000?
1101110100101
In base 4, what is -123312 - -33201?
-30111
In base 7, what is 465601 + 2?
465603
In base 10, what is 9 - 5854?
-5845
In base 11, what is -762840 + 5?
-762836
In base 2, what is 101 - 1110111001100001?
-1110111001011100
In base 12, what is -4 + 10612?
1